{"id":2297,"date":"2017-01-07T23:51:43","date_gmt":"2017-01-07T22:51:43","guid":{"rendered":"http:\/\/wp.schuli.net\/?post_type=project&#038;p=2297"},"modified":"2019-01-01T15:20:24","modified_gmt":"2019-01-01T14:20:24","slug":"project-2016-schulis-weekly-picture-series","status":"publish","type":"project","link":"https:\/\/wp.schuli.net\/?project=project-2016-schulis-weekly-picture-series","title":{"rendered":"Project 2016 \u2013 Schulis Weekly Picture Series"},"content":{"rendered":"\n[et_pb_section admin_label=&#8221;section&#8221; fullwidth=&#8221;off&#8221; specialty=&#8221;off&#8221; transparent_background=&#8221;off&#8221; background_color=&#8221;#222b34&#8243; allow_player_pause=&#8221;off&#8221; inner_shadow=&#8221;off&#8221; parallax=&#8221;off&#8221; parallax_method=&#8221;off&#8221; make_fullwidth=&#8221;off&#8221; use_custom_width=&#8221;off&#8221; width_unit=&#8221;on&#8221; make_equal=&#8221;off&#8221; use_custom_gutter=&#8221;off&#8221;][et_pb_row admin_label=&#8221;row&#8221; make_fullwidth=&#8221;on&#8221; use_custom_width=&#8221;off&#8221; width_unit=&#8221;on&#8221; use_custom_gutter=&#8221;on&#8221; gutter_width=&#8221;0&#8243; allow_player_pause=&#8221;off&#8221; parallax=&#8221;off&#8221; parallax_method=&#8221;off&#8221; make_equal=&#8221;off&#8221; parallax_1=&#8221;off&#8221; parallax_method_1=&#8221;off&#8221;][et_pb_column type=&#8221;4_4&#8243;][et_pb_text admin_label=&#8221;Text Titel&#8221; background_layout=&#8221;dark&#8221; text_orientation=&#8221;center&#8221; use_border_color=&#8221;off&#8221; border_color=&#8221;#ffffff&#8221; border_style=&#8221;solid&#8221;]\r\n<h1>BILDSERIEN AUS\u00a052 WOCHEN<\/h1>\r\n[\/et_pb_text][\/et_pb_column][\/et_pb_row][et_pb_row admin_label=&#8221;row&#8221; make_fullwidth=&#8221;on&#8221; use_custom_width=&#8221;off&#8221; width_unit=&#8221;on&#8221; use_custom_gutter=&#8221;on&#8221; gutter_width=&#8221;0&#8243; allow_player_pause=&#8221;off&#8221; parallax=&#8221;off&#8221; parallax_method=&#8221;off&#8221; make_equal=&#8221;off&#8221; parallax_1=&#8221;off&#8221; parallax_method_1=&#8221;off&#8221;][et_pb_column type=&#8221;4_4&#8243;][et_pb_gallery admin_label=&#8221;Gallery 4er Bildserien&#8221; gallery_ids=&#8221;1378,1379,1380,1381,1419,1418,1417,1416,1429,1430,1431,1432,1443,1444,1445,1446,1462,2317,2316,2315,1466,1467,1468,1469,1502,1503,1504,1505,1526,1525,1524,1523,1539,1544,1543,1542,1561,1562,1563,1564,1577,1576,1575,1574,1594,2314,2318,2319,1617,1619,1620,1621,1635,1636,1637,1638,1652,1653,1654,1655,1668,1669,1670,1672,1680,1682,1683,1684,1695,1693,1692,1691,1705,1706,1707,1708,1715,1717,1718,1719,1728,1730,1731,1732,1743,1744,1745,1747,1751,1752,1753,1755,1794,1795,1797,1798,1805,1806,1808,1814,1824,1825,1826,1827,1834,1836,1837,1838,1843,1844,1845,1846,1856,1855,1858,1854,1865,1866,1863,1867,1877,1876,1875,1874,1881,1883,1884,1885,1888,1891,1889,1890,1908,1909,1910,1911,1931,1932,1933,1934,1952,1953,1955,1956,1961,1962,1963,1964,1977,1978,1979,1980,1988,1989,1990,1991,2006,2008,2005,2010,2016,2017,2018,2020,2043,2044,2046,2047,2054,2056,2057,2058,2068,2069,2070,2072,2091,2092,2093,2094,2113,2114,2115,2116,2123,2124,2125,2127,2131,2133,2134,2135,2141,2142,2143,2144,2153,2154,2155,2157,2171,2173,2174,2175,2181,2182,2183,2185&#8243; fullwidth=&#8221;off&#8221; show_title_and_caption=&#8221;off&#8221; show_pagination=&#8221;on&#8221; background_layout=&#8221;light&#8221; auto=&#8221;off&#8221; hover_overlay_color=&#8221;rgba(255,255,255,0.9)&#8221; use_border_color=&#8221;off&#8221; border_color=&#8221;#ffffff&#8221; border_style=&#8221;solid&#8221;] [\/et_pb_gallery][\/et_pb_column][\/et_pb_row][\/et_pb_section][et_pb_section admin_label=&#8221;Section&#8221; fullwidth=&#8221;off&#8221; specialty=&#8221;off&#8221;][et_pb_row admin_label=&#8221;Row&#8221; make_fullwidth=&#8221;off&#8221; use_custom_width=&#8221;off&#8221; width_unit=&#8221;on&#8221; use_custom_gutter=&#8221;off&#8221; allow_player_pause=&#8221;off&#8221; parallax=&#8221;off&#8221; parallax_method=&#8221;off&#8221; make_equal=&#8221;off&#8221; parallax_1=&#8221;off&#8221; parallax_method_1=&#8221;off&#8221; parallax_2=&#8221;off&#8221; parallax_method_2=&#8221;off&#8221;][et_pb_column type=&#8221;1_4&#8243;][et_pb_blurb admin_label=&#8221;Blurb Foto-Projekt 2016&#8243; title=&#8221;Foto-Projekt 2016&#8243; url_new_window=&#8221;off&#8221; use_icon=&#8221;on&#8221; font_icon=&#8221;%%331%%&#8221; icon_color=&#8221;#00A8FF&#8221; use_circle=&#8221;off&#8221; circle_color=&#8221;#00A8FF&#8221; use_circle_border=&#8221;off&#8221; circle_border_color=&#8221;#00A8FF&#8221; icon_placement=&#8221;left&#8221; animation=&#8221;top&#8221; background_layout=&#8221;light&#8221; text_orientation=&#8221;left&#8221; use_icon_font_size=&#8221;off&#8221; use_border_color=&#8221;off&#8221; border_color=&#8221;#ffffff&#8221; border_style=&#8221;solid&#8221;] [\/et_pb_blurb][\/et_pb_column][et_pb_column type=&#8221;3_4&#8243;][et_pb_text admin_label=&#8221;Text Beschreibung&#8221; background_layout=&#8221;light&#8221; text_orientation=&#8221;left&#8221; use_border_color=&#8221;off&#8221; border_color=&#8221;#ffffff&#8221; border_style=&#8221;solid&#8221;]\r\n<h1>Bildsprache weiterentwickeln<\/h1>\r\nIm 2015 habe ich mir im Rahmen eines Kurses neue Impulse f\u00fcr meine Fotografie geholt und zum Ziel gesetzt, meine Bildsprache weiterzuentwickeln. Ein Impuls war, sich intensiv mit dem Thema &#8220;Bildidee&#8221; zu befassen und solche zu entwickeln. Um Bildideen zu entwickeln gibt es verschiedene Methoden\u00a0wie Brainstorming, Arbeiten mit dem Gegenteil, Zufalls- oder Reizw\u00f6rter und einige mehr. Ein weiterer Impuls war, dass sich Bildideen mit etwas \u00dcbung immer leichter entwickeln lassen. Um diesem zweiten Punkt Rechnung zu tragen, habe ich beschlossen, im 2016 ein Projekt durchzuf\u00fchren, mittels dessen ich reichlich \u00fcben kann.\r\n<h1>Projekt 2016 \u2013 &#8220;Weekly Picture Series&#8221;<\/h1>\r\n<h2>Simples Ziel \u2013\u00a0\u00fcben<\/h2>\r\nVier Bilder als Ergebnis jeder Woche im Jahr 2016 finalisieren, zu\u00a0beliebigen Themen und Bildideen. Bedingung war, dass die Bilder in der gleichen Woche fotografiert, verarbeitet und publiziert wurden. Dadurch setzte ich mich bewusst unter Zeitdruck, was durchaus befruchtend f\u00fcr Bildideen sein kann.\r\n<h2>Fotografie statt Equipment<\/h2>\r\nAls Technik versierter Mensch, habe ich mich in all den Jahren, in denen ich mich mit Fotografie befasste, sehr gerne auch mit Foto-Ausr\u00fcstung besch\u00e4ftigt. Statt zu fotografieren, habe ich fr\u00fcher viel Zeit ins Recherchieren und Beschaffen von fotografischen Hilfsmitteln gesteckt. So kam es dann auch, dass ich mit viel Ausr\u00fcstung und Gewicht am R\u00fccken unterwegs war und oftmals nur ein kleiner Bruchteil der Ausr\u00fcstung zum Einsatz kam.\u00a0Bei diesem Projekt ging\u00a0es aber definitiv nicht um Material, sondern darum zu fotografieren. Auch ein iPhone ist ein durchaus brauchbares Werkzeug um Bildideen umzusetzen.\r\n<h2>Ergebnis<\/h2>\r\nInzwischen liegen die Bildserien aus\u00a052 Wochen des Jahres\u00a02016 in Form von w\u00f6chentlichen Blogs vor. Mir hat&#8217;s Spass gemacht und vielleicht erfreut sich die eine oder andere Person ebenfalls am einen oder anderen Bild.\r\n\r\nEure Feedbacks und Kritik nehme ich sehr gerne \u00fcber die Kommentare-Funktion der\u00a0Blogs entgegen. Auch k\u00f6nnt ihr mittels der Sterne bewerten, wie euch die einzelnen Beitr\u00e4ge gefallen.\r\n\r\nNun viel Spass bei Betrachten und Kommentieren.\r\n\r\nLiebe Gr\u00fcsse, Marius\r\n\r\n[\/et_pb_text][\/et_pb_column][\/et_pb_row][\/et_pb_section][et_pb_section admin_label=&#8221;section&#8221; fullwidth=&#8221;off&#8221; specialty=&#8221;off&#8221; background_color=&#8221;#222b34&#8243; inner_shadow=&#8221;off&#8221; parallax=&#8221;off&#8221;][et_pb_row admin_label=&#8221;row&#8221;][et_pb_column type=&#8221;4_4&#8243;][et_pb_text admin_label=&#8221;Text Alle Blogs des Projektes&#8230;&#8221; background_layout=&#8221;dark&#8221; text_orientation=&#8221;center&#8221; use_border_color=&#8221;off&#8221; border_color=&#8221;#ffffff&#8221; border_style=&#8221;solid&#8221;]\r\n<h1>ALLE BLOGS DES PROJEKTES 2016 IM \u00dcBERBLICK<\/h1>\r\n[\/et_pb_text][\/et_pb_column][\/et_pb_row][et_pb_row admin_label=&#8221;row&#8221; make_fullwidth=&#8221;off&#8221; use_custom_width=&#8221;off&#8221; width_unit=&#8221;on&#8221; use_custom_gutter=&#8221;off&#8221; allow_player_pause=&#8221;off&#8221; parallax=&#8221;off&#8221; parallax_method=&#8221;off&#8221; make_equal=&#8221;off&#8221; parallax_1=&#8221;off&#8221; parallax_method_1=&#8221;off&#8221;][et_pb_column type=&#8221;4_4&#8243;][et_pb_blog admin_label=&#8221;Blog&#8221; fullwidth=&#8221;off&#8221; posts_number=&#8221;52&#8243; show_thumbnail=&#8221;on&#8221; show_content=&#8221;off&#8221; show_author=&#8221;on&#8221; show_date=&#8221;on&#8221; show_categories=&#8221;on&#8221; show_pagination=&#8221;on&#8221; background_layout=&#8221;light&#8221; include_categories=&#8221;27&#8243; show_more=&#8221;on&#8221; show_comments=&#8221;on&#8221; offset_number=&#8221;0&#8243; use_overlay=&#8221;off&#8221; use_dropshadow=&#8221;off&#8221; use_border_color=&#8221;off&#8221; border_color=&#8221;#ffffff&#8221; border_style=&#8221;solid&#8221;] [\/et_pb_blog][\/et_pb_column][\/et_pb_row][\/et_pb_section]\n","protected":false},"excerpt":{"rendered":"<p>BILDSERIEN AUS\u00a052 WOCHEN Bildsprache weiterentwickeln Im 2015 habe ich mir im Rahmen eines Kurses neue Impulse f\u00fcr meine Fotografie geholt und zum Ziel gesetzt, meine Bildsprache weiterzuentwickeln. Ein Impuls war, sich intensiv mit dem Thema &#8220;Bildidee&#8221; zu befassen und solche zu entwickeln. Um Bildideen zu entwickeln gibt es verschiedene Methoden\u00a0wie Brainstorming, Arbeiten mit dem Gegenteil, [&hellip;]<\/p>\n","protected":false},"author":1,"featured_media":2195,"comment_status":"open","ping_status":"closed","template":"","meta":{"_et_pb_use_builder":"on","_et_pb_old_content":"","_et_gb_content_width":"","jetpack_post_was_ever_published":false,"footnotes":""},"project_category":[23,24],"class_list":["post-2297","project","type-project","status-publish","has-post-thumbnail","hentry","project_category-23","project_category-project-2016-schulis-weekly-picture-series"],"jetpack_sharing_enabled":true,"_links":{"self":[{"href":"https:\/\/wp.schuli.net\/index.php?rest_route=\/wp\/v2\/project\/2297","targetHints":{"allow":["GET"]}}],"collection":[{"href":"https:\/\/wp.schuli.net\/index.php?rest_route=\/wp\/v2\/project"}],"about":[{"href":"https:\/\/wp.schuli.net\/index.php?rest_route=\/wp\/v2\/types\/project"}],"author":[{"embeddable":true,"href":"https:\/\/wp.schuli.net\/index.php?rest_route=\/wp\/v2\/users\/1"}],"replies":[{"embeddable":true,"href":"https:\/\/wp.schuli.net\/index.php?rest_route=%2Fwp%2Fv2%2Fcomments&post=2297"}],"version-history":[{"count":10,"href":"https:\/\/wp.schuli.net\/index.php?rest_route=\/wp\/v2\/project\/2297\/revisions"}],"predecessor-version":[{"id":3578,"href":"https:\/\/wp.schuli.net\/index.php?rest_route=\/wp\/v2\/project\/2297\/revisions\/3578"}],"wp:featuredmedia":[{"embeddable":true,"href":"https:\/\/wp.schuli.net\/index.php?rest_route=\/wp\/v2\/media\/2195"}],"wp:attachment":[{"href":"https:\/\/wp.schuli.net\/index.php?rest_route=%2Fwp%2Fv2%2Fmedia&parent=2297"}],"wp:term":[{"taxonomy":"project_category","embeddable":true,"href":"https:\/\/wp.schuli.net\/index.php?rest_route=%2Fwp%2Fv2%2Fproject_category&post=2297"}],"curies":[{"name":"wp","href":"https:\/\/api.w.org\/{rel}","templated":true}]}}

[et_pb_section admin_label=&#8221;section&#8221; fullwidth=&#8221;off&#8221; specialty=&#8221;off&#8221; transparent_background=&#8221;off&#8221; background_color=&#8221;#222b34&#8243; allow_player_pause=&#8221;off&#8221; inner_shadow=&#8221;off&#8221; parallax=&#8221;off&#8221; parallax_method=&#8221;off&#8221; make_fullwidth=&#8221;off&#8221; use_custom_width=&#8221;off&#8221; width_unit=&#8221;on&#8221; make_equal=&#8221;off&#8221; use_custom_gutter=&#8221;off&#8221;][et_pb_row admin_label=&#8221;row&#8221; make_fullwidth=&#8221;on&#8221; use_custom_width=&#8221;off&#8221; width_unit=&#8221;on&#8221; use_custom_gutter=&#8221;on&#8221; gutter_width=&#8221;0&#8243; allow_player_pause=&#8221;off&#8221; parallax=&#8221;off&#8221; parallax_method=&#8221;off&#8221; make_equal=&#8221;off&#8221; parallax_1=&#8221;off&#8221; parallax_method_1=&#8221;off&#8221;][et_pb_column type=&#8221;4_4&#8243;][et_pb_text admin_label=&#8221;Text Titel&#8221; background_layout=&#8221;dark&#8221; text_orientation=&#8221;center&#8221; use_border_color=&#8221;off&#8221; border_color=&#8221;#ffffff&#8221; border_style=&#8221;solid&#8221;]
<h1>BILDSERIEN AUS 52 WOCHEN</h1>
[/et_pb_text][/et_pb_column][/et_pb_row][et_pb_row admin_label=&#8221;row&#8221; make_fullwidth=&#8221;on&#8221; use_custom_width=&#8221;off&#8221; width_unit=&#8221;on&#8221; use_custom_gutter=&#8221;on&#8221; gutter_width=&#8221;0&#8243; allow_player_pause=&#8221;off&#8221; parallax=&#8221;off&#8221; parallax_method=&#8221;off&#8221; make_equal=&#8221;off&#8221; parallax_1=&#8221;off&#8221; parallax_method_1=&#8221;off&#8221;][et_pb_column type=&#8221;4_4&#8243;][et_pb_gallery admin_label=&#8221;Gallery 4er Bildserien&#8221; gallery_ids=&#8221;1378,1379,1380,1381,1419,1418,1417,1416,1429,1430,1431,1432,1443,1444,1445,1446,1462,2317,2316,2315,1466,1467,1468,1469,1502,1503,1504,1505,1526,1525,1524,1523,1539,1544,1543,1542,1561,1562,1563,1564,1577,1576,1575,1574,1594,2314,2318,2319,1617,1619,1620,1621,1635,1636,1637,1638,1652,1653,1654,1655,1668,1669,1670,1672,1680,1682,1683,1684,1695,1693,1692,1691,1705,1706,1707,1708,1715,1717,1718,1719,1728,1730,1731,1732,1743,1744,1745,1747,1751,1752,1753,1755,1794,1795,1797,1798,1805,1806,1808,1814,1824,1825,1826,1827,1834,1836,1837,1838,1843,1844,1845,1846,1856,1855,1858,1854,1865,1866,1863,1867,1877,1876,1875,1874,1881,1883,1884,1885,1888,1891,1889,1890,1908,1909,1910,1911,1931,1932,1933,1934,1952,1953,1955,1956,1961,1962,1963,1964,1977,1978,1979,1980,1988,1989,1990,1991,2006,2008,2005,2010,2016,2017,2018,2020,2043,2044,2046,2047,2054,2056,2057,2058,2068,2069,2070,2072,2091,2092,2093,2094,2113,2114,2115,2116,2123,2124,2125,2127,2131,2133,2134,2135,2141,2142,2143,2144,2153,2154,2155,2157,2171,2173,2174,2175,2181,2182,2183,2185&#8243; fullwidth=&#8221;off&#8221; show_title_and_caption=&#8221;off&#8221; show_pagination=&#8221;on&#8221; background_layout=&#8221;light&#8221; auto=&#8221;off&#8221; hover_overlay_color=&#8221;rgba(255,255,255,0.9)&#8221; use_border_color=&#8221;off&#8221; border_color=&#8221;#ffffff&#8221; border_style=&#8221;solid&#8221;] [/et_pb_gallery][/et_pb_column][/et_pb_row][/et_pb_section][et_pb_section admin_label=&#8221;Section&#8221; fullwidth=&#8221;off&#8221; specialty=&#8221;off&#8221;][et_pb_row admin_label=&#8221;Row&#8221; make_fullwidth=&#8221;off&#8221; use_custom_width=&#8221;off&#8221; width_unit=&#8221;on&#8221; use_custom_gutter=&#8221;off&#8221; allow_player_pause=&#8221;off&#8221; parallax=&#8221;off&#8221; parallax_method=&#8221;off&#8221; make_equal=&#8221;off&#8221; parallax_1=&#8221;off&#8221; parallax_method_1=&#8221;off&#8221; parallax_2=&#8221;off&#8221; parallax_method_2=&#8221;off&#8221;][et_pb_column type=&#8221;1_4&#8243;][et_pb_blurb admin_label=&#8221;Blurb Foto-Projekt 2016&#8243; title=&#8221;Foto-Projekt 2016&#8243; url_new_window=&#8221;off&#8221; use_icon=&#8221;on&#8221; font_icon=&#8221;%%331%%&#8221; icon_color=&#8221;#00A8FF&#8221; use_circle=&#8221;off&#8221; circle_color=&#8221;#00A8FF&#8221; use_circle_border=&#8221;off&#8221; circle_border_color=&#8221;#00A8FF&#8221; icon_placement=&#8221;left&#8221; animation=&#8221;top&#8221; background_layout=&#8221;light&#8221; text_orientation=&#8221;left&#8221; use_icon_font_size=&#8221;off&#8221; use_border_color=&#8221;off&#8221; border_color=&#8221;#ffffff&#8221; border_style=&#8221;solid&#8221;] [/et_pb_blurb][/et_pb_column][et_pb_column type=&#8221;3_4&#8243;][et_pb_text admin_label=&#8221;Text Beschreibung&#8221; background_layout=&#8221;light&#8221; text_orientation=&#8221;left&#8221; use_border_color=&#8221;off&#8221; border_color=&#8221;#ffffff&#8221; border_style=&#8221;solid&#8221;]
<h1>Bildsprache weiterentwickeln</h1>
Im 2015 habe ich mir im Rahmen eines Kurses neue Impulse für meine Fotografie geholt und zum Ziel gesetzt, meine Bildsprache weiterzuentwickeln. Ein Impuls war, sich intensiv mit dem Thema &#8220;Bildidee&#8221; zu befassen und solche zu entwickeln. Um Bildideen zu entwickeln gibt es verschiedene Methoden wie Brainstorming, Arbeiten mit dem Gegenteil, Zufalls- oder Reizwörter und einige mehr. Ein weiterer Impuls war, dass sich Bildideen mit etwas Übung immer leichter entwickeln lassen. Um diesem zweiten Punkt Rechnung zu tragen, habe ich beschlossen, im 2016 ein Projekt durchzuführen, mittels dessen ich reichlich üben kann.
<h1>Projekt 2016 – &#8220;Weekly Picture Series&#8221;</h1>
<h2>Simples Ziel – üben</h2>
Vier Bilder als Ergebnis jeder Woche im Jahr 2016 finalisieren, zu beliebigen Themen und Bildideen. Bedingung war, dass die Bilder in der gleichen Woche fotografiert, verarbeitet und publiziert wurden. Dadurch setzte ich mich bewusst unter Zeitdruck, was durchaus befruchtend für Bildideen sein kann.
<h2>Fotografie statt Equipment</h2>
Als Technik versierter Mensch, habe ich mich in all den Jahren, in denen ich mich mit Fotografie befasste, sehr gerne auch mit Foto-Ausrüstung beschäftigt. Statt zu fotografieren, habe ich früher viel Zeit ins Recherchieren und Beschaffen von fotografischen Hilfsmitteln gesteckt. So kam es dann auch, dass ich mit viel Ausrüstung und Gewicht am Rücken unterwegs war und oftmals nur ein kleiner Bruchteil der Ausrüstung zum Einsatz kam. Bei diesem Projekt ging es aber definitiv nicht um Material, sondern darum zu fotografieren. Auch ein iPhone ist ein durchaus brauchbares Werkzeug um Bildideen umzusetzen.
<h2>Ergebnis</h2>
Inzwischen liegen die Bildserien aus 52 Wochen des Jahres 2016 in Form von wöchentlichen Blogs vor. Mir hat&#8217;s Spass gemacht und vielleicht erfreut sich die eine oder andere Person ebenfalls am einen oder anderen Bild.

Eure Feedbacks und Kritik nehme ich sehr gerne über die Kommentare-Funktion der Blogs entgegen. Auch könnt ihr mittels der Sterne bewerten, wie euch die einzelnen Beiträge gefallen.

Nun viel Spass bei Betrachten und Kommentieren.

Liebe Grüsse, Marius

[/et_pb_text][/et_pb_column][/et_pb_row][/et_pb_section][et_pb_section admin_label=&#8221;section&#8221; fullwidth=&#8221;off&#8221; specialty=&#8221;off&#8221; background_color=&#8221;#222b34&#8243; inner_shadow=&#8221;off&#8221; parallax=&#8221;off&#8221;][et_pb_row admin_label=&#8221;row&#8221;][et_pb_column type=&#8221;4_4&#8243;][et_pb_text admin_label=&#8221;Text Alle Blogs des Projektes&#8230;&#8221; background_layout=&#8221;dark&#8221; text_orientation=&#8221;center&#8221; use_border_color=&#8221;off&#8221; border_color=&#8221;#ffffff&#8221; border_style=&#8221;solid&#8221;]
<h1>ALLE BLOGS DES PROJEKTES 2016 IM ÜBERBLICK</h1>
[/et_pb_text][/et_pb_column][/et_pb_row][et_pb_row admin_label=&#8221;row&#8221; make_fullwidth=&#8221;off&#8221; use_custom_width=&#8221;off&#8221; width_unit=&#8221;on&#8221; use_custom_gutter=&#8221;off&#8221; allow_player_pause=&#8221;off&#8221; parallax=&#8221;off&#8221; parallax_method=&#8221;off&#8221; make_equal=&#8221;off&#8221; parallax_1=&#8221;off&#8221; parallax_method_1=&#8221;off&#8221;][et_pb_column type=&#8221;4_4&#8243;][et_pb_blog admin_label=&#8221;Blog&#8221; fullwidth=&#8221;off&#8221; posts_number=&#8221;52&#8243; show_thumbnail=&#8221;on&#8221; show_content=&#8221;off&#8221; show_author=&#8221;on&#8221; show_date=&#8221;on&#8221; show_categories=&#8221;on&#8221; show_pagination=&#8221;on&#8221; background_layout=&#8221;light&#8221; include_categories=&#8221;27&#8243; show_more=&#8221;on&#8221; show_comments=&#8221;on&#8221; offset_number=&#8221;0&#8243; use_overlay=&#8221;off&#8221; use_dropshadow=&#8221;off&#8221; use_border_color=&#8221;off&#8221; border_color=&#8221;#ffffff&#8221; border_style=&#8221;solid&#8221;] [/et_pb_blog][/et_pb_column][/et_pb_row][/et_pb_section]

<p>BILDSERIEN AUS 52 WOCHEN Bildsprache weiterentwickeln Im 2015 habe ich mir im Rahmen eines Kurses neue Impulse für meine Fotografie geholt und zum Ziel gesetzt, meine Bildsprache weiterzuentwickeln. Ein Impuls war, sich intensiv mit dem Thema &#8220;Bildidee&#8221; zu befassen und solche zu entwickeln. Um Bildideen zu entwickeln gibt es verschiedene Methoden wie Brainstorming, Arbeiten mit dem Gegenteil, [&hellip;]</p>
