{"id":312,"date":"2011-12-03T02:01:48","date_gmt":"2011-12-03T01:01:48","guid":{"rendered":"http:\/\/wp.schuli.net\/?page_id=312"},"modified":"2017-01-15T23:01:15","modified_gmt":"2017-01-15T22:01:15","slug":"about","status":"publish","type":"page","link":"https:\/\/wp.schuli.net\/?page_id=312","title":{"rendered":"About"},"content":{"rendered":"<hr \/>\n<h1>Willkommen auf schuli.net<\/h1>\n<p>Sie befinden sich auf der Website von Marius Schuler.<\/p>\n<p>Auf dieser Website finden Sie Informationen und Bilder zu Themen wie Fotografie und mit grosser Wahrscheinlichkeit k\u00fcnftig auch zu Informationssicherheit. Zudem werden Sie auch\u00a0Spassthemen wie Modellhelikopter sowie eine Feinschmeckerecke antreffen.<!--more--><\/p>\n<p>&nbsp;<\/p>\n<h2>Fotografie &#8211; photography<\/h2>\n<h3>Bestellung von Fotografien<\/h3>\n<p>Sollten Sie Interesse an gewissen Bildern von dieser Website haben, k\u00f6nnen Sie gerne zwecks Bestellung von Ausdrucken via Kontaktformular (siehe\u00a0<a href=\"https:\/\/wp.schuli.net\/?page_id=2280\">Contact<\/a>\u00a0im Menu) mit mir in Verbindung treten. Zurzeit kann ich unter anderem 360\u00b0 Panoramen in der Gr\u00f6sse 172.8 x 43.2 cm mit oder ohne Rahmen anbieten. Nat\u00fcrlich sind auch andere Formate nach Ihren W\u00fcnschen und Bed\u00fcrfnissen m\u00f6glich.<\/p>\n<h3>Fotoprojekte von der Idee bis zur Umsetzung<\/h3>\n<p>Falls Sie eine Idee f\u00fcr ein Fotoprojekt haben und auf der Suche nach einer qualitativ guten Umsetzung sind, k\u00f6nnen Sie gerne mit mir via\u00a0Kontaktformular (siehe\u00a0<a title=\"Contact\" href=\"https:\/\/wp.schuli.net\/?page_id=2280\">Contact<\/a>\u00a0im Menu) in Verbindung treten.<\/p>\n<p>&nbsp;<\/p>\n<h2>Informationssicherheit &#8211; Information Security<\/h2>\n<p>Wir stecken bereits voll im Informationszeitalter. T\u00e4glich er\u00f6ffnen sich aufgrund der technologischen Weiterentwicklung mit rasanter Geschwindigkeit neue Perspektiven und M\u00f6glichkeiten. Der Kulturwechsel im Umgang mit Technologien findet aber nur langsam statt und der richtigen Bewertung von Chancen und Risiken wird oftmals zu wenig Beachtung geschenkt.<\/p>\n<p>Mit \u00fcber siebzehn\u00a0Jahren Erfahrung in Sicherheitsthemen und zu Aspekten wie Management, Technik und Recht, biete ich praktische Erfahrung aus Grossunternehmen, F\u00fchrungskompetenzen und zielorientiertes L\u00f6sungsdenken.<\/p>\n<p>M\u00f6glicherweise wird in einer sp\u00e4teren Phase nach Launch dieser Website ein separater Bereich zu Informationssicherheit gestartet werden. Bis dahin k\u00f6nnen Sie mich via Kontaktformular (siehe\u00a0<a title=\"Contact\" href=\"https:\/\/wp.schuli.net\/?page_id=2280\">Contact<\/a>\u00a0im Menu) dazu ansprechen.<\/p>\n<p>&nbsp;<\/p>\n<h2>Zur Website<\/h2>\n<p>Nach \u00fcber zehn Jahren\u00a0<strong>schuli.net<\/strong>\u00a0wurde die Website im 2011 komplett \u00fcberarbeitet. Die fr\u00fchere, zum grossen Teil selbst gestrickte Website, wurde nach Migration auf eine neue Server Plattform komplett auf ein Content Management System (CMS) umgestellt. Im 2017 wurde die Site mit einem neuen Design versehen, um die inzwischen vorhandenen\u00a0Inhalte besser auffindbar zu machen.<\/p>\n<p>Wesentliche Gr\u00fcnde daf\u00fcr waren, den Aufwand f\u00fcr den Betrieb der Site m\u00f6glichst gering zu halten, sodass Updates k\u00fcnftig h\u00e4ufiger als fr\u00fcher erfolgen k\u00f6nnen und zudem der Zugriff von modernen mobilen Ger\u00e4ten aus attraktiver ist.<\/p>\n<p>Nun w\u00fcnsche ich Ihnen viel Spass auf den Seiten von\u00a0<strong>schuli.net<\/strong>. &#8211; Schauen Sie doch immer mal wieder vorbei.<\/p>\n<p>Freundlichst<br \/>\nMarius Schuler<\/p>\n","protected":false},"excerpt":{"rendered":"<p>Willkommen auf schuli.net Sie befinden sich auf der Website von Marius Schuler. Auf dieser Website finden Sie Informationen und Bilder zu Themen wie Fotografie und mit grosser Wahrscheinlichkeit k\u00fcnftig auch zu Informationssicherheit. Zudem werden Sie auch\u00a0Spassthemen wie Modellhelikopter sowie eine Feinschmeckerecke antreffen.<\/p>\n","protected":false},"author":1,"featured_media":0,"parent":0,"menu_order":0,"comment_status":"open","ping_status":"open","template":"","meta":{"_et_pb_use_builder":"","_et_pb_old_content":"","_et_gb_content_width":"","jetpack_post_was_ever_published":false,"footnotes":""},"class_list":["post-312","page","type-page","status-publish","hentry"],"jetpack_sharing_enabled":true,"jetpack_shortlink":"https:\/\/wp.me\/P23jlp-52","jetpack-related-posts":[{"id":62,"url":"https:\/\/wp.schuli.net\/?page_id=62","url_meta":{"origin":312,"position":0},"title":"Copyright","author":"Marius Schuler","date":"Sat, 22.10.2011","format":false,"excerpt":"Copyright regulation If you don't understand the following copyright regulation or parts of it in German, so don't touch any pictures, media or other content of this site. Copyright \u00a9\u00a02001-today Marius Schuler. All rights reserved. \u00a0 Q & A zu Copyright - Urheberrecht \u00a0 Darf ich Bilder\u00a0ab dieser Website ausdrucken,\u2026","rel":"","context":"Similar post","block_context":{"text":"Similar post","link":""},"img":{"alt_text":"","src":"","width":0,"height":0},"classes":[]},{"id":2260,"url":"https:\/\/wp.schuli.net\/","url_meta":{"origin":312,"position":1},"title":"Home","author":"Marius Schuler","date":"Sat, 07.01.2017","format":false,"excerpt":"[et_pb_fullwidth_slider admin_label=\"Fullwidth\u2026","rel":"","context":"Similar post","block_context":{"text":"Similar post","link":""},"img":{"alt_text":"","src":"","width":0,"height":0},"classes":[]},{"id":2239,"url":"https:\/\/wp.schuli.net\/?page_id=2239","url_meta":{"origin":312,"position":2},"title":"Wartungsarbeiten","author":"Marius Schuler","date":"Sat, 07.01.2017","format":false,"excerpt":"","rel":"","context":"Similar post","block_context":{"text":"Similar post","link":""},"img":{"alt_text":"","src":"","width":0,"height":0},"classes":[]},{"id":64,"url":"https:\/\/wp.schuli.net\/?page_id=64","url_meta":{"origin":312,"position":3},"title":"Contact (alt)","author":"Marius Schuler","date":"Sat, 22.10.2011","format":false,"excerpt":"Bei Fragen, Anregungen, Interesse an Bildern oder anderen Inhalten k\u00f6nnen Sie via dieser Contact Form mit dem Betreiber der Website in Verbindung treten. Bitte verwenden Sie die Contact Form nicht um Werbung zuzustellen. - Vielen Dank. \u00a0","rel":"","context":"Similar post","block_context":{"text":"Similar post","link":""},"img":{"alt_text":"","src":"","width":0,"height":0},"classes":[]},{"id":2280,"url":"https:\/\/wp.schuli.net\/?page_id=2280","url_meta":{"origin":312,"position":4},"title":"Contact","author":"Marius Schuler","date":"Sat, 07.01.2017","format":false,"excerpt":"","rel":"","context":"Similar post","block_context":{"text":"Similar post","link":""},"img":{"alt_text":"","src":"","width":0,"height":0},"classes":[]},{"id":3594,"url":"https:\/\/wp.schuli.net\/?page_id=3594","url_meta":{"origin":312,"position":5},"title":"Design Thinking &#038; Doing","author":"Marius Schuler","date":"Tue, 01.01.2019","format":false,"excerpt":"","rel":"","context":"Similar post","block_context":{"text":"Similar post","link":""},"img":{"alt_text":"","src":"","width":0,"height":0},"classes":[]}],"_links":{"self":[{"href":"https:\/\/wp.schuli.net\/index.php?rest_route=\/wp\/v2\/pages\/312","targetHints":{"allow":["GET"]}}],"collection":[{"href":"https:\/\/wp.schuli.net\/index.php?rest_route=\/wp\/v2\/pages"}],"about":[{"href":"https:\/\/wp.schuli.net\/index.php?rest_route=\/wp\/v2\/types\/page"}],"author":[{"embeddable":true,"href":"https:\/\/wp.schuli.net\/index.php?rest_route=\/wp\/v2\/users\/1"}],"replies":[{"embeddable":true,"href":"https:\/\/wp.schuli.net\/index.php?rest_route=%2Fwp%2Fv2%2Fcomments&post=312"}],"version-history":[{"count":43,"href":"https:\/\/wp.schuli.net\/index.php?rest_route=\/wp\/v2\/pages\/312\/revisions"}],"predecessor-version":[{"id":484,"href":"https:\/\/wp.schuli.net\/index.php?rest_route=\/wp\/v2\/pages\/312\/revisions\/484"}],"wp:attachment":[{"href":"https:\/\/wp.schuli.net\/index.php?rest_route=%2Fwp%2Fv2%2Fmedia&parent=312"}],"curies":[{"name":"wp","href":"https:\/\/api.w.org\/{rel}","templated":true}]}}